{"id":57,"date":"2022-01-05T14:47:40","date_gmt":"2022-01-05T14:47:40","guid":{"rendered":"https:\/\/www.fiduciairelebet.ch\/?page_id=57"},"modified":"2022-12-23T14:33:55","modified_gmt":"2022-12-23T14:33:55","slug":"christian-lebet","status":"publish","type":"page","link":"https:\/\/www.fiduciairelebet.ch\/index.php\/christian-lebet\/","title":{"rendered":"Christian Lebet"},"content":{"rendered":"\n<p>Monsieur Christian Lebet, licenci\u00e9 \u00e8s sciences \u00e9conomiques, est \u00e0 la t\u00eate de sa propre Fiduciaire depuis 1995, ses bureaux sont situ\u00e9s \u00e0 M\u00f4tiers depuis 20 ans. Il a eu l&rsquo;honneur d&rsquo;obtenir l&rsquo;agr\u00e9ment de r\u00e9viseur par l&rsquo;autorit\u00e9 de surveillance en 2009. Ainsi, nous pouvons accompagner nos clients dans une grande vari\u00e9t\u00e9 de services fiduciaire !<\/p>\n","protected":false},"excerpt":{"rendered":"<p>Monsieur Christian Lebet, licenci\u00e9 \u00e8s sciences \u00e9conomiques, est \u00e0 la t\u00eate de sa propre Fiduciaire depuis 1995, ses bureaux sont situ\u00e9s \u00e0 M\u00f4tiers depuis 20 ans. Il a eu l&rsquo;honneur d&rsquo;obtenir l&rsquo;agr\u00e9ment de r\u00e9viseur par l&rsquo;autorit\u00e9 de surveillance en 2009. Ainsi, nous pouvons accompagner nos clients dans une grande vari\u00e9t\u00e9 de services fiduciaire !<\/p>\n","protected":false},"author":1,"featured_media":0,"parent":0,"menu_order":0,"comment_status":"closed","ping_status":"closed","template":"","meta":{"footnotes":""},"class_list":["post-57","page","type-page","status-publish","hentry"],"_links":{"self":[{"href":"https:\/\/www.fiduciairelebet.ch\/index.php\/wp-json\/wp\/v2\/pages\/57","targetHints":{"allow":["GET"]}}],"collection":[{"href":"https:\/\/www.fiduciairelebet.ch\/index.php\/wp-json\/wp\/v2\/pages"}],"about":[{"href":"https:\/\/www.fiduciairelebet.ch\/index.php\/wp-json\/wp\/v2\/types\/page"}],"author":[{"embeddable":true,"href":"https:\/\/www.fiduciairelebet.ch\/index.php\/wp-json\/wp\/v2\/users\/1"}],"replies":[{"embeddable":true,"href":"https:\/\/www.fiduciairelebet.ch\/index.php\/wp-json\/wp\/v2\/comments?post=57"}],"version-history":[{"count":5,"href":"https:\/\/www.fiduciairelebet.ch\/index.php\/wp-json\/wp\/v2\/pages\/57\/revisions"}],"predecessor-version":[{"id":118,"href":"https:\/\/www.fiduciairelebet.ch\/index.php\/wp-json\/wp\/v2\/pages\/57\/revisions\/118"}],"wp:attachment":[{"href":"https:\/\/www.fiduciairelebet.ch\/index.php\/wp-json\/wp\/v2\/media?parent=57"}],"curies":[{"name":"wp","href":"https:\/\/api.w.org\/{rel}","templated":true}]}}